{"id":1646,"date":"2022-03-09T10:10:43","date_gmt":"2022-03-09T10:10:43","guid":{"rendered":"https:\/\/fzentrum.pl\/die-wichtigsten-informationen-zur-aufgabe-archivierung-und-dokumentation-der-geschichte-der-deutschen-minderheit-im-jahr-2022\/"},"modified":"2022-03-09T10:13:29","modified_gmt":"2022-03-09T10:13:29","slug":"die-wichtigsten-informationen-zur-aufgabe-archivierung-und-dokumentation-der-geschichte-der-deutschen-minderheit-im-jahr-2022","status":"publish","type":"page","link":"https:\/\/fzentrum.pl\/de\/die-wichtigsten-informationen-zur-aufgabe-archivierung-und-dokumentation-der-geschichte-der-deutschen-minderheit-im-jahr-2022\/","title":{"rendered":"Archivierung und Dokumentation der Geschichte der deutschen Minderheit im Jahr 2022"},"content":{"rendered":"\n<div class=\"wp-block-image\"><figure class=\"aligncenter\"><img decoding=\"async\" src=\"https:\/\/i0.wp.com\/fzentrum.pl\/wp-content\/uploads\/2022\/01\/znaki_strona_www-1024x341.png\" alt=\"\"\/><\/figure><\/div>\n\n<p><p>Das Projekt Archivierung und Dokumentation der Geschichte der deutschen Minderheit \u201c wird g\u00e4nzlich aus staatlichen Mitteln finanziert und die Gesamtkosten belaufen sich auf einen Betrag von 60.000 PLN.<\/p><\/p>\n\n<p>Die Zuwendung des Ministers des Innern und Verwaltung ist f\u00fcr die T\u00e4tigkeit, den Schutz sowie Bewahrung und Entwicklung der kulturellen Identit\u00e4t der deutschen Minderheit gedacht.<\/p>\n\n<p>Im Rahmen des Projekts wird die Digitalisierung vom Archivmaterialien zur deutschen Minderheit und deren Bestandaufnahme im Archivierungssystem durchgef\u00fchrt. Dar\u00fcber hinaus wird die Sammlung von Interviews mit Deutschen in Polen erweitert.<\/p>\n\n<p><p>Koordinator des Projekts: Ewa Czeczor<br\/>Tel.: 532 153 205, E-mail: ewa.czeczor@fzentrum.pl<\/p><\/p>\n","protected":false},"excerpt":{"rendered":"<p>Das Projekt Archivierung und Dokumentation der Geschichte der deutschen Minderheit \u201c wird g\u00e4nzlich aus staatlichen Mitteln finanziert und die Gesamtkosten belaufen sich auf einen Betrag von 60.000 PLN. Die Zuwendung des Ministers des Innern und Verwaltung ist f\u00fcr die T\u00e4tigkeit, den Schutz sowie Bewahrung und Entwicklung der kulturellen Identit\u00e4t der deutschen Minderheit gedacht. Im Rahmen [&hellip;]<\/p>\n","protected":false},"author":2,"featured_media":0,"parent":0,"menu_order":0,"comment_status":"closed","ping_status":"closed","template":"","meta":{"site-sidebar-layout":"default","site-content-layout":"","ast-site-content-layout":"","site-content-style":"default","site-sidebar-style":"default","ast-global-header-display":"","ast-banner-title-visibility":"","ast-main-header-display":"","ast-hfb-above-header-display":"","ast-hfb-below-header-display":"","ast-hfb-mobile-header-display":"","site-post-title":"","ast-breadcrumbs-content":"","ast-featured-img":"","footer-sml-layout":"","theme-transparent-header-meta":"","adv-header-id-meta":"","stick-header-meta":"","header-above-stick-meta":"","header-main-stick-meta":"","header-below-stick-meta":"","astra-migrate-meta-layouts":"default","ast-page-background-enabled":"default","ast-page-background-meta":{"desktop":{"background-color":"","background-image":"","background-repeat":"repeat","background-position":"center center","background-size":"auto","background-attachment":"scroll","background-type":"","background-media":"","overlay-type":"","overlay-color":"","overlay-opacity":"","overlay-gradient":""},"tablet":{"background-color":"","background-image":"","background-repeat":"repeat","background-position":"center center","background-size":"auto","background-attachment":"scroll","background-type":"","background-media":"","overlay-type":"","overlay-color":"","overlay-opacity":"","overlay-gradient":""},"mobile":{"background-color":"","background-image":"","background-repeat":"repeat","background-position":"center center","background-size":"auto","background-attachment":"scroll","background-type":"","background-media":"","overlay-type":"","overlay-color":"","overlay-opacity":"","overlay-gradient":""}},"ast-content-background-meta":{"desktop":{"background-color":"var(--ast-global-color-5)","background-image":"","background-repeat":"repeat","background-position":"center center","background-size":"auto","background-attachment":"scroll","background-type":"","background-media":"","overlay-type":"","overlay-color":"","overlay-opacity":"","overlay-gradient":""},"tablet":{"background-color":"var(--ast-global-color-5)","background-image":"","background-repeat":"repeat","background-position":"center center","background-size":"auto","background-attachment":"scroll","background-type":"","background-media":"","overlay-type":"","overlay-color":"","overlay-opacity":"","overlay-gradient":""},"mobile":{"background-color":"var(--ast-global-color-5)","background-image":"","background-repeat":"repeat","background-position":"center center","background-size":"auto","background-attachment":"scroll","background-type":"","background-media":"","overlay-type":"","overlay-color":"","overlay-opacity":"","overlay-gradient":""}},"footnotes":""},"class_list":["post-1646","page","type-page","status-publish","hentry"],"_links":{"self":[{"href":"https:\/\/fzentrum.pl\/de\/wp-json\/wp\/v2\/pages\/1646","targetHints":{"allow":["GET"]}}],"collection":[{"href":"https:\/\/fzentrum.pl\/de\/wp-json\/wp\/v2\/pages"}],"about":[{"href":"https:\/\/fzentrum.pl\/de\/wp-json\/wp\/v2\/types\/page"}],"author":[{"embeddable":true,"href":"https:\/\/fzentrum.pl\/de\/wp-json\/wp\/v2\/users\/2"}],"replies":[{"embeddable":true,"href":"https:\/\/fzentrum.pl\/de\/wp-json\/wp\/v2\/comments?post=1646"}],"version-history":[{"count":5,"href":"https:\/\/fzentrum.pl\/de\/wp-json\/wp\/v2\/pages\/1646\/revisions"}],"predecessor-version":[{"id":1653,"href":"https:\/\/fzentrum.pl\/de\/wp-json\/wp\/v2\/pages\/1646\/revisions\/1653"}],"wp:attachment":[{"href":"https:\/\/fzentrum.pl\/de\/wp-json\/wp\/v2\/media?parent=1646"}],"curies":[{"name":"wp","href":"https:\/\/api.w.org\/{rel}","templated":true}]}}

<div class="wp-block-image"><figure class="aligncenter"><img decoding="async" src="https://i0.wp.com/fzentrum.pl/wp-content/uploads/2022/01/znaki_strona_www-1024x341.png" alt=""/></figure></div>

<p><p>Das Projekt Archivierung und Dokumentation der Geschichte der deutschen Minderheit “ wird gänzlich aus staatlichen Mitteln finanziert und die Gesamtkosten belaufen sich auf einen Betrag von 60.000 PLN.</p></p>

<p>Die Zuwendung des Ministers des Innern und Verwaltung ist für die Tätigkeit, den Schutz sowie Bewahrung und Entwicklung der kulturellen Identität der deutschen Minderheit gedacht.</p>

<p>Im Rahmen des Projekts wird die Digitalisierung vom Archivmaterialien zur deutschen Minderheit und deren Bestandaufnahme im Archivierungssystem durchgeführt. Darüber hinaus wird die Sammlung von Interviews mit Deutschen in Polen erweitert.</p>

<p><p>Koordinator des Projekts: Ewa Czeczor<br/>Tel.: 532 153 205, E-mail: ewa.czeczor@fzentrum.pl</p></p>

<p>Das Projekt Archivierung und Dokumentation der Geschichte der deutschen Minderheit “ wird gänzlich aus staatlichen Mitteln finanziert und die Gesamtkosten belaufen sich auf einen Betrag von 60.000 PLN. Die Zuwendung des Ministers des Innern und Verwaltung ist für die Tätigkeit, den Schutz sowie Bewahrung und Entwicklung der kulturellen Identität der deutschen Minderheit gedacht. Im Rahmen [&hellip;]</p>
