{"id":1661,"date":"2022-03-09T10:20:23","date_gmt":"2022-03-09T10:20:23","guid":{"rendered":"https:\/\/fzentrum.pl\/geschichte-und-erbe-der-deutschen-minderheit-forschungstaetigkeit-im-jahr-2021\/"},"modified":"2022-03-09T10:23:53","modified_gmt":"2022-03-09T10:23:53","slug":"geschichte-und-erbe-der-deutschen-minderheit-forschungstaetigkeit-im-jahr-2021","status":"publish","type":"page","link":"https:\/\/fzentrum.pl\/de\/geschichte-und-erbe-der-deutschen-minderheit-forschungstaetigkeit-im-jahr-2021\/","title":{"rendered":"Geschichte und Erbe der deutschen Minderheit \u2013 Forschungst\u00e4tigkeit im Jahr 2022"},"content":{"rendered":"\n<figure class=\"wp-block-gallery aligncenter columns-1 is-cropped wp-block-gallery-1 is-layout-flex wp-block-gallery-is-layout-flex\"><ul class=\"blocks-gallery-grid\"><li class=\"blocks-gallery-item\"><figure><img fetchpriority=\"high\" decoding=\"async\" width=\"1024\" height=\"341\" src=\"https:\/\/fzentrum.pl\/wp-content\/uploads\/2022\/01\/znaki_strona_www-1024x341.png\" alt=\"\" data-id=\"1439\" data-full-url=\"https:\/\/fzentrum.pl\/wp-content\/uploads\/2022\/01\/znaki_strona_www.png\" data-link=\"https:\/\/fzentrum.pl\/historia-i-dziedzictwo-mniejszosci-niemieckiej\/znaki_strona_www\/\" class=\"wp-image-1440\" srcset=\"https:\/\/fzentrum.pl\/wp-content\/uploads\/2022\/01\/znaki_strona_www-1024x341.png 1024w, https:\/\/fzentrum.pl\/wp-content\/uploads\/2022\/01\/znaki_strona_www-300x100.png 300w, https:\/\/fzentrum.pl\/wp-content\/uploads\/2022\/01\/znaki_strona_www-768x256.png 768w, https:\/\/fzentrum.pl\/wp-content\/uploads\/2022\/01\/znaki_strona_www-1536x511.png 1536w, https:\/\/fzentrum.pl\/wp-content\/uploads\/2022\/01\/znaki_strona_www.png 1751w\" sizes=\"(max-width: 1024px) 100vw, 1024px\" \/><\/figure><\/li><\/ul><\/figure>\n\n<p>Das Projekt \u201eGeschichte und Erbe der deutschen Minderheit \u2013 Forschungst\u00e4tigkeit\u201c wird g\u00e4nzlich aus staatlichen Mitteln finanziert und die Gesamtkosten belaufen sich auf einen Betrag von 80.000 PLN.&#13;\n&#13;\nDie Zuwendung des Ministers des Innern und Verwaltung ist f\u00fcr die T\u00e4tigkeit, den Schutz sowie Bewahrung und Entwicklung der kulturellen Identit\u00e4t der deutschen Minderheit gedacht.&#13;\n&#13;\nDie Ziele des Projekts werden durch Initiieren und Koordinierung von Forschungen \u00fcber die deutsche Minderheit, deren Geschichte und Kulturerbe sowie Bewahrung von Archivmaterial, Sicherung von Dokumenten und Quellenmaterial \u00fcber die in Polen lebenden Deutschen realisiert.<\/p>\n\n<p> <\/p>\n\n<p> <\/p>\n\n<p> <\/p>\n\n<p>Projekt: Geschichte und Erbe der deutschen Minderheit \u2013 Forschungst\u00e4tigkeit&#13;\n&#13;\nRealisiert vom Forschungszentrum der Deutschen Minderheit&#13;\n&#13;\nKoordinator des Projekts: Ryszard Janiak \/ab Januar 2022\/&#13;\nTel.: 532 153 005, E-mail: ryszard.janiak@fzentrum.pl<\/p>\n","protected":false},"excerpt":{"rendered":"<p>Das Projekt \u201eGeschichte und Erbe der deutschen Minderheit \u2013 Forschungst\u00e4tigkeit\u201c wird g\u00e4nzlich aus staatlichen Mitteln finanziert und die Gesamtkosten belaufen sich auf einen Betrag von 80.000 PLN.&#13; &#13; Die Zuwendung des Ministers des Innern und Verwaltung ist f\u00fcr die T\u00e4tigkeit, den Schutz sowie Bewahrung und Entwicklung der kulturellen Identit\u00e4t der deutschen Minderheit gedacht.&#13; &#13; Die [&hellip;]<\/p>\n","protected":false},"author":2,"featured_media":0,"parent":0,"menu_order":0,"comment_status":"closed","ping_status":"closed","template":"","meta":{"site-sidebar-layout":"default","site-content-layout":"","ast-site-content-layout":"","site-content-style":"default","site-sidebar-style":"default","ast-global-header-display":"","ast-banner-title-visibility":"","ast-main-header-display":"","ast-hfb-above-header-display":"","ast-hfb-below-header-display":"","ast-hfb-mobile-header-display":"","site-post-title":"","ast-breadcrumbs-content":"","ast-featured-img":"","footer-sml-layout":"","theme-transparent-header-meta":"","adv-header-id-meta":"","stick-header-meta":"","header-above-stick-meta":"","header-main-stick-meta":"","header-below-stick-meta":"","astra-migrate-meta-layouts":"default","ast-page-background-enabled":"default","ast-page-background-meta":{"desktop":{"background-color":"","background-image":"","background-repeat":"repeat","background-position":"center center","background-size":"auto","background-attachment":"scroll","background-type":"","background-media":"","overlay-type":"","overlay-color":"","overlay-opacity":"","overlay-gradient":""},"tablet":{"background-color":"","background-image":"","background-repeat":"repeat","background-position":"center center","background-size":"auto","background-attachment":"scroll","background-type":"","background-media":"","overlay-type":"","overlay-color":"","overlay-opacity":"","overlay-gradient":""},"mobile":{"background-color":"","background-image":"","background-repeat":"repeat","background-position":"center center","background-size":"auto","background-attachment":"scroll","background-type":"","background-media":"","overlay-type":"","overlay-color":"","overlay-opacity":"","overlay-gradient":""}},"ast-content-background-meta":{"desktop":{"background-color":"var(--ast-global-color-5)","background-image":"","background-repeat":"repeat","background-position":"center center","background-size":"auto","background-attachment":"scroll","background-type":"","background-media":"","overlay-type":"","overlay-color":"","overlay-opacity":"","overlay-gradient":""},"tablet":{"background-color":"var(--ast-global-color-5)","background-image":"","background-repeat":"repeat","background-position":"center center","background-size":"auto","background-attachment":"scroll","background-type":"","background-media":"","overlay-type":"","overlay-color":"","overlay-opacity":"","overlay-gradient":""},"mobile":{"background-color":"var(--ast-global-color-5)","background-image":"","background-repeat":"repeat","background-position":"center center","background-size":"auto","background-attachment":"scroll","background-type":"","background-media":"","overlay-type":"","overlay-color":"","overlay-opacity":"","overlay-gradient":""}},"footnotes":""},"class_list":["post-1661","page","type-page","status-publish","hentry"],"_links":{"self":[{"href":"https:\/\/fzentrum.pl\/de\/wp-json\/wp\/v2\/pages\/1661","targetHints":{"allow":["GET"]}}],"collection":[{"href":"https:\/\/fzentrum.pl\/de\/wp-json\/wp\/v2\/pages"}],"about":[{"href":"https:\/\/fzentrum.pl\/de\/wp-json\/wp\/v2\/types\/page"}],"author":[{"embeddable":true,"href":"https:\/\/fzentrum.pl\/de\/wp-json\/wp\/v2\/users\/2"}],"replies":[{"embeddable":true,"href":"https:\/\/fzentrum.pl\/de\/wp-json\/wp\/v2\/comments?post=1661"}],"version-history":[{"count":3,"href":"https:\/\/fzentrum.pl\/de\/wp-json\/wp\/v2\/pages\/1661\/revisions"}],"predecessor-version":[{"id":1671,"href":"https:\/\/fzentrum.pl\/de\/wp-json\/wp\/v2\/pages\/1661\/revisions\/1671"}],"wp:attachment":[{"href":"https:\/\/fzentrum.pl\/de\/wp-json\/wp\/v2\/media?parent=1661"}],"curies":[{"name":"wp","href":"https:\/\/api.w.org\/{rel}","templated":true}]}}

Geschichte und Erbe der deutschen Minderheit – Forschungstätigkeit im Jahr 2022

<figure class="wp-block-gallery aligncenter columns-1 is-cropped wp-block-gallery-1 is-layout-flex wp-block-gallery-is-layout-flex"><ul class="blocks-gallery-grid"><li class="blocks-gallery-item"><figure><img fetchpriority="high" decoding="async" width="1024" height="341" src="https://fzentrum.pl/wp-content/uploads/2022/01/znaki_strona_www-1024x341.png" alt="" data-id="1439" data-full-url="https://fzentrum.pl/wp-content/uploads/2022/01/znaki_strona_www.png" data-link="https://fzentrum.pl/historia-i-dziedzictwo-mniejszosci-niemieckiej/znaki_strona_www/" class="wp-image-1440" srcset="https://fzentrum.pl/wp-content/uploads/2022/01/znaki_strona_www-1024x341.png 1024w, https://fzentrum.pl/wp-content/uploads/2022/01/znaki_strona_www-300x100.png 300w, https://fzentrum.pl/wp-content/uploads/2022/01/znaki_strona_www-768x256.png 768w, https://fzentrum.pl/wp-content/uploads/2022/01/znaki_strona_www-1536x511.png 1536w, https://fzentrum.pl/wp-content/uploads/2022/01/znaki_strona_www.png 1751w" sizes="(max-width: 1024px) 100vw, 1024px" /></figure></li></ul></figure>

<p>Das Projekt „Geschichte und Erbe der deutschen Minderheit – Forschungstätigkeit“ wird gänzlich aus staatlichen Mitteln finanziert und die Gesamtkosten belaufen sich auf einen Betrag von 80.000 PLN.&#13;
&#13;
Die Zuwendung des Ministers des Innern und Verwaltung ist für die Tätigkeit, den Schutz sowie Bewahrung und Entwicklung der kulturellen Identität der deutschen Minderheit gedacht.&#13;
&#13;
Die Ziele des Projekts werden durch Initiieren und Koordinierung von Forschungen über die deutsche Minderheit, deren Geschichte und Kulturerbe sowie Bewahrung von Archivmaterial, Sicherung von Dokumenten und Quellenmaterial über die in Polen lebenden Deutschen realisiert.</p>

<p> </p>

<p> </p>

<p> </p>

<p>Projekt: Geschichte und Erbe der deutschen Minderheit – Forschungstätigkeit&#13;
&#13;
Realisiert vom Forschungszentrum der Deutschen Minderheit&#13;
&#13;
Koordinator des Projekts: Ryszard Janiak /ab Januar 2022/&#13;
Tel.: 532 153 005, E-mail: ryszard.janiak@fzentrum.pl</p>

<p>Das Projekt „Geschichte und Erbe der deutschen Minderheit – Forschungstätigkeit“ wird gänzlich aus staatlichen Mitteln finanziert und die Gesamtkosten belaufen sich auf einen Betrag von 80.000 PLN.&#13; &#13; Die Zuwendung des Ministers des Innern und Verwaltung ist für die Tätigkeit, den Schutz sowie Bewahrung und Entwicklung der kulturellen Identität der deutschen Minderheit gedacht.&#13; &#13; Die [&hellip;]</p>
